 = -9*a + 12*a - 1048. Suppose -5*p = 3*k - 798, -4*k - 2*p = -3*k - x. List the prime factors of k.
271
Let y be (-2)/5 + (-3904)/(-10). Let k(i) = -2*i**3 + 66*i**2 - 123*i - 29. Let a be k(31). Suppose -j + y = a*j. List the prime factors of j.
2, 5, 13
Let u = 49 - 44. Suppose 0 = -5*i - 15, w = -2*w - i + 6. Suppose w*a = -u*c + 19, -18 = -3*a - 2*c - 5. What are the prime factors of a?
3
Suppose -17*n = 31231 - 6921. List the prime factors of 2/(-3) + n/(-30).
47
Let d be 61 + 4*(-1 + -2)/12. Let f = 56 - d. List the prime factors of ((-1704)/(-18))/(f/(-6)).
2, 71
Suppose 1610 = 3*q - a + 165, 0 = -5*q - 4*a + 2397. Let m = q - 284. Let x = m + -85. List the prime factors of x.
2, 7
Let a(o) = 358*o**2 - 204*o + 12. List the prime factors of a(-6).
2, 3, 11, 107
List the prime factors of (239458/201)/(4/24).
2, 1787
List the prime factors of -4 - (-1)/(56/(-7) - -7) - -1500.
5, 13, 23
What are the prime factors of ((-192)/240)/(2 - (-52544)/(-26270))?
2, 37, 71
Let q(s) = -3*s**3 + s**2 + s + 93. Let z = 72 - 70. Let p be ((-2 - 2)/4 - -1)/z. What are the prime factors of q(p)?
3, 31
Let a(b) = -4*b + 7*b**2 - 9 + 6*b**2 + 11*b - 16*b**2. Let o be a(-7). Let m = -122 - o. What are the prime factors of m?
83
List the prime factors of ((-5708)/48 + 1/4)*(-189)/2.
2, 3, 7, 89
Suppose -18*y + 13*y - 25 = 0. Let k be (10*10/(-8))/(y/10). List the prime factors of (3 + (-715)/k)/(1/(-5)).
2
Suppose 5*y - 4*g = 73863, 2*g + 3*g = 4*y - 59085. Suppose 22*m - 9909 = y. What are the prime factors of m?
2, 3, 11, 17
Let x = -44 - -46. Suppose 6 = -x*j - 0*j. List the prime factors of (j + 1 + 144)/(-3 - -5).
71
Let x = -2131 + 3627. List the prime factors of x.
2, 11, 17
Let o(t) = 298*t**2 + 249*t + 1. List the prime factors of o(-4).
7, 11
Let m be 4/18 - (-29)/(-9). Let i = -2340 + 2340. What are the prime factors of (-1882)/(-10) + i + m/15?
2, 47
Let q be 15/(-2)*60/90. What are the prime factors of (-19)/(q + (-84)/(-17))?
17, 19
Let g = 4439 - 2750. List the prime factors of g.
3, 563
Suppose 4332*t = 4331*t + 5100. List the prime factors of t.
2, 3, 5, 17
Let d(q) be the third derivative of -41*q**6/120 - q**5/20 + q**4/24 + q**3/6 + 14*q**2. Let b be d(1). Let z = b + 62. List the prime factors of z.
2, 5
Let p(w) = -w**3 - 12*w**2 - 12*w - 6. Let y be p(-11). Suppose -y*m = 1 + 9. List the prime factors of ((1 - 45) + 0)/m.
2, 11
Let q = -380 + 553. Let t = q - 83. What are the prime factors of t?
2, 3, 5
Let d(c) = -c**3 - 11*c**2 + 3*c + 13767. What are the prime factors of d(0)?
3, 13, 353
Suppose 7*j - 2451 = -36*j. Let i = j + 470. What are the prime factors of i?
17, 31
Suppose -3*s - 6 = -t - 16, -4*s - 4*t + 24 = 0. Suppose 1122 = 5*r + 3*l, 3*l = -s*r + 826 + 74. Suppose -58*y + r = -56*y. What are the prime factors of y?
3, 37
Let b(n) = 653*n**2 - 65*n + 362. What are the prime factors of b(5)?
2, 3, 101
Suppose -3*k = -5*h + 385, k = -4*h + 156 + 152. Suppose -5*l + 12 = h. Let d(f) = -6*f + 10. What are the prime factors of d(l)?
2, 11
Suppose 3*z - 9*p = -4*p + 27, -5*z = 5*p - 5. Suppose z*k + 548 = 5*k + 5*m, k = -m + 540. List the prime factors of k.
2, 269
Let o(x) = -352*x + 849. List the prime factors of o(2).
5, 29
Let s = 124 - -592. Let r = s - 249. What are the prime factors of r?
467
Suppose 1 = 3*p + 4. Let s be (5/(-10))/(p/(-8)). List the prime factors of (-279)/s + 4/16.
2, 5, 7
Suppose 2*s - 5*k + 2126 = -10*k, -2*k - 3211 = 3*s. Let g = s - -1905. Suppose 16*x - 12*x = g. What are the prime factors of x?
2, 13
Let m(z) be the first derivative of -15*z**2/2 + 4*z - 73. What are the prime factors of m(-11)?
13
Let l(h) = h + 1. Let v(b) = 10*b - 5. Let p(a) = 10*l(a) + v(a). Let m(x) = 1. Let j(z) = 4*m(z) + p(z). What are the prime factors of j(3)?
3, 23
Suppose -3*i + 12 = -6. What are the prime factors of ((-972)/378)/(i/(-1064))?
2, 3, 19
Let q(j) = -j**2 - 27*j - 24. Let t be q(-26). Suppose t*g - 2 = 0, -g - 40 = -u + 16. List the prime factors of u.
3, 19
What are the prime factors of 7 - -2719 - 1 - (-6 - -1)?
2, 3, 5, 7, 13
Let j = -13 - -16. Suppose -n + 4*c = c - 28, j*n - 4*c - 59 = 0. Suppose n*g = 8*g + 430. List the prime factors of g.
2, 43
Suppose 2*t - 249 = z + 13711, 0 = -3*t - 3*z + 20949. List the prime factors of t.
3, 13, 179
Let z(w) be the second derivative of 7*w**4/2 - 7*w**3/6 - 13*w**2/2 - 64*w + 2. What are the prime factors of z(6)?
31, 47
Let u(t) = -484*t + 58. What are the prime factors of u(-8)?
2, 3, 5, 131
What are the prime factors of 7 + 1 + 167*(-20)/(-5)?
2, 13
Let w = 4558 - 3190. List the prime factors of w.
2, 3, 19
Let f(m) = -566*m + 2826. What are the prime factors of f(-23)?
2, 17, 233
Suppose g = -6*g + 21. Suppose -4*v = -2*i - 444, -3*i - 355 = -g*v - 19. Let c = -64 + v. List the prime factors of c.
2, 23
Suppose -11*u - 14 + 69 = 0. Let j be 14/(120/(-25) + u). Suppose -3*g + 3*k = -192, -3*k + j = 2*g - 53. List the prime factors of g.
3, 7
Let i = 481 + -224. Let f = i + -490. Let o = 516 + f. List the prime factors of o.
283
Let a(g) = -265*g + 132. Let x be a(-9). Suppose x = 6*c - 375. List the prime factors of c.
2, 241
Let m(w) = -w**3 - 12*w**2 + 10*w - 9. Let l be m(-12). Let o = 444 + l. Suppose 4*v - 221 - o = -4*p, 0 = v - 2*p - 140. List the prime factors of v.
2, 17
Let r = 242 + 77. Let c = r + -129. What are the prime factors of c?
2, 5, 19
Suppose -9*i + 4*i + 3*x = -9855, 2*i + 7*x = 3983. What are the prime factors of i?
2, 3, 7, 47
Let z be (4 + (-217)/(-35))*(1 - -4). Let m = 213 + z. What are the prime factors of m?
2, 3, 11
Suppose 3*h = -2*k + 2, -1 = 4*h - h - k. Suppose 4*p = 0, -2*u + 4*p - 5*p + 730 = h. What are the prime factors of u?
5, 73
Let i be (-169)/3 + (-28)/42. Let l = i + 76. Suppose 0 = -l*h + 15*h + 60. What are the prime factors of h?
3, 5
Suppose 32 = 3*i - 0*i + 2*b, 3*b + 30 = 2*i. Let y = -2 + i. Suppose 0 = -11*o + y*o + 23. List the prime factors of o.
23
What are the prime factors of (364/546)/(4/60870)?
5, 2029
Suppose -4*j = 3*p - 1041, -4*j = 4*p + p - 1039. Let r = 273 - j. List the prime factors of r.
2, 3
Suppose -3*a - 2*v = -4*a + 45, 120 = 3*a - v. Let b = a - -16. What are the prime factors of b?
5, 11
Suppose -4*q + 0*q + 19996 = 2*o, 0 = q - 2. What are the prime factors of o?
2, 19, 263
Let l(w) = -w**3 - 24*w**2 + 4*w - 80. Let a be l(-23). Let p = a - -1611. List the prime factors of p.
2, 5, 7, 13
Let o = -20 + 58. Suppose -37*b + o*b = -15. List the prime factors of (-447)/(-9)*(-12 - b).
149
Suppose 4*i + 12 = 0, 0 = 4*j - j - 5*i + 18. What are the prime factors of (33/(-3))/(j/374)?
2, 11, 17
Suppose 0 = 4*d + m - 17426, -5*d + 24304 - 2511 = -4*m. List the prime factors of d.
4357
Suppose o - 25*s = -29*s + 8663, 5*s + 8663 = o. List the prime factors of o.
8663
Suppose -20*u - 2141 = -20421. Suppose 3*m + 2*y = u, 11*m + 2*y + 606 = 13*m. List the prime factors of m.
2, 19
Let j(d) = 5687*d**2 + 96*d - 23. What are the prime factors of j(-3)?
2, 6359
Let k(i) = -5*i**3 - 4*i**2 + 6*i - 12. Let u be k(-14). Suppose 0 = -22*x + 32*x - u. List the prime factors of x.
2, 3, 107
Let h = 1165 + -1710. Let p = h + 1135. What are the prime factors of p?
2, 5, 59
Let i = 9339 - -624. What are the prime factors of i?
3, 41
Let o = -437 + 872. Suppose 2*d - 431 = d - 5*v, 0 = -d - 3*v + o. What are the prime factors of d?
3, 7
Let i(d) = d**2 + d + 6. Let c be i(5). Suppose -15 = -x + c. Suppose n - 45 = 4*v, -77 = -3*n + 5*v + x. List the prime factors of n.
41
Let u(h) = -h + 15. Let w be u(15). Let m = 5 - w. Suppose -4*p - y + 16 = 0, 2*p = 3*y - m*y + 14. What are the prime factors of p?
3
Suppose 99 = 3*g - 3*q, -2*q + 3 = -3. Let d = g + -30. Let n = d - -39. What are the prime factors of n?
3, 5
Let s = 4 - 2. Let w(l) = s + 13 + 4*l + 3 + 3. List the prime factors of w(6).
3, 5
Suppose -14320 = -5*k - 20*i + 16*i, -2*i - 5728 = -2*k. List the prime factors of k.
2, 179
Let j(h) = 97*h + 39. Let m(u) = 9*u - 5. Let q be m(1). What are the prime factors of j(q)?
7, 61
Suppose 7*a - 38*a = -380898 - 679364. List the prime factors of a.
2, 7, 349
Let h be (-298)/(-14) - (-6)/(-21). Suppose 0 = -5*f + 2*f + h. Suppose -f*w + 312 = -108. What are the prime factors of w?
2, 3, 5
Suppose 2*